*a. Let v = a + -52. Determine d(v).
8
Let z(q) = 3*q - 16. Let x be (-67)/(-1) - (-2 - (13 - 10)). Let r be -7*x/(-63)*1. Determine z(r).
8
Let i(r) be the second derivative of -r**5/20 - 5*r**4/4 - 11*r**3/6 + 3*r**2/2 + 53*r - 20. Calculate i(-14).
-39
Let o(x) be the third derivative of 8*x**2 + 0*x + 0 + 7/6*x**3 + 5/24*x**4 - 1/60*x**5. Let w(y) = y**3 + 26*y**2 - 28*y - 21. Let r be w(-27). What is o(r)?
1
Let i(g) be the third derivative of -1/3*g**4 + 29*g**2 + 1/2*g**3 + 2*g + 0 + 1/20*g**5. Give i(3).
6
Let p(k) = 61*k**2 - 5*k + 11. Let h(i) = 66*i**2 - 6*i + 13. Let x(y) = 5*h(y) - 6*p(y). Give x(-1).
-37
Let m be (-18)/(12/4) + (-5)/(-5). Let c(v) = 3*v - 1. Let a(p) = -14*p - 6. Let i(r) = m*c(r) - a(r). Calculate i(16).
-5
Let y(x) be the first derivative of -x**5/120 + 17*x**4/24 + 167*x**3/3 + 136. Let m(g) be the third derivative of y(g). Determine m(11).
6
Let d(q) be the first derivative of q**4/4 + 4*q**3 + 11*q**2/2 + 11*q + 4069. Give d(-11).
11
Let m = -182 + 175. Let z(p) be the third derivative of p**6/120 + 2*p**5/15 + 7*p**4/24 + 290*p**2. Give z(m).
0
Let k(y) = -3*y. Suppose -67 = 5*s - 4*i - 8, 2*s - i + 23 = 0. Let l(u) = u**3 + 11*u**2 + u + 13. Let g be l(s). Determine k(g).
-6
Let i(k) = 17*k + 1. Let f = -10268 + 10265. Calculate i(f).
-50
Let v(u) = u**2 - 23*u - 12. Let f(b) = -3*b**2 - 272*b + 109. Let g be f(-91). Determine v(g).
-102
Suppose 731*z + 8 = 730*z. Let n(u) = 7. Let a(h) = h. Let p(j) = a(j) + n(j). What is p(z)?
-1
Let n(r) = -2*r**3 + 49*r**2 + 5*r - 66. Let s(u) = u**3 - 63*u**2 - 3*u + 66. Let g(y) = 3*n(y) + 2*s(y). Give g(5).
4
Let v(u) = 3*u**3 + 2*u**2 - 13*u - 7. Let l(j) = -5*j**3 - 5*j**2 + 25*j + 8. Let r(g) = 4*l(g) + 7*v(g). Give r(5).
3
Let x = 11510 - 11505. Let f(s) = -7*s**2 + 7*s - 11. Let j(u) = -11*u**2 + 11*u - 17. Let z(t) = 8*f(t) - 5*j(t). Calculate z(x).
-23
Suppose 17*x + 9*x - 1066 = 0. Let w(k) = -x + 3*k - k + 36. Suppose -4*u = -2 - 22. Give w(u).
7
Let j = 3321 + -3329. Let n(r) = 13*r + 100. Calculate n(j).
-4
Let f = 11 - 15. Let b(s) be the second derivative of -s**3 - s**2 - 1277*s. Let o(w) = -16*w - 7. Let i(c) = f*o(c) + 11*b(c). What is i(3)?
0
Let p = 2 + 2. Let f be (-285)/(-76) - 3/p. Let u(n) = n**f + 0*n**3 + 5*n**2 - 102*n + 104*n - 5. Determine u(-4).
3
Let w = 16917 - 16944. Let b(t) = t**3 + 28*t**2 + 31*t + 113. Calculate b(w).
5
Let g be ((-3)/(-4))/((-4)/48). Let i(t) be the second derivative of -t**3/6 - 11*t**2/2 + 511*t. What is i(g)?
-2
Suppose 2*o + j = 21 - 36, 0 = -3*o + 2*j - 19. Let x(q) = -q**2 + 3*q + 31. What is x(o)?
-39
Suppose -3*k = -2*p - 29, 5*k + 5 = 3*p + 52. Let m(b) = 7*b + 16. Determine m(p).
-12
Let s(r) be the second derivative of -7*r**3/6 - 14*r**2 - 42*r + 20. Calculate s(-4).
0
Let c(y) be the first derivative of -y**3/3 + 2*y**2 - 7*y - 1. Let t be (2/(-16))/(30/(-252240)). Let j = t + -1045. Calculate c(j).
-19
Let l(j) = j**2 - 14*j - 4. Suppose 504 = 4*b + 460. Calculate l(b).
-37
Suppose -4*p = 5*x - 11, 4*x - p + 3 - 16 = 0. Let c = -59 + 62. Let s(u) = -2*u**3 + c*u**3 + 26*u**2 + 2 + x*u - 22*u**2. Calculate s(-3).
2
Let u(i) = 36*i - 7*i - 14*i - 14*i - 8 - 10*i. Give u(9).
-89
Let s(f) = -f + 1. Suppose z = -16*z - 102. Let j(w) = -w**2 + 7*w - 10. Let n(q) = z*s(q) - j(q). Calculate n(5).
24
Let j(g) = -11*g**3 - 2*g - 1. Suppose -5 = 5*p + 4*q, 0 = -3*q - 2*q. What is j(p)?
12
Let j(k) = -5*k - 5. Let a(z) = 12*z + 7. Let m(t) = -3*a(t) - 7*j(t). Give m(10).
4
Let t(d) = d + 3 + 0 + 1. Let c = 534 - -336. Let r = 867 - c. Give t(r).
1
Let q(g) = -22*g - 30*g + 5 - 12*g**2 - 16 + 41*g - g**3. Give q(-11).
-11
Let p(l) = 2*l**2 + 6*l. Suppose -5*a + 3*a + 5 = 5*f, 4 = -3*a + 4*f. Suppose -134*d + 128*d + 42 = a. Let u(r) = r**3 - 7*r**2 - 4. Let t be u(d). Give p(t).
8
Let u(x) = -6*x**2 + 1. Let y = 115 - 115. Let z(n) = -5*n**2 + 6*n**2 + n + y*n**2 + 1 + 0. Let c(f) = u(f) - z(f). Give c(1).
-8
Let d(t) = 19*t + 108. Suppose -3*b + 0*a = -a + 11, -3*b = -4*a - 10. Calculate d(b).
-6
Let w(c) = c**2 - 12*c - 191. Suppose 0 = 4*v - 4*y - 75 - 21, 4*y - 30 = -2*v. What is w(v)?
-2
Let x be 12/(-16)*44/33. Let p be (-12)/(-8) - 1/2. Let l(u) = 0 - p + 11*u - u - 5*u. What is l(x)?
-6
Let j be (5/2)/((-2)/(-4)). Let s(c) = c**2 - 2*c - 1. Let n be s(6). Let d(h) = -n - 22 + 42 - h. Calculate d(j).
-8
Let r(k) be the first derivative of k**3/3 + 8*k**2 + 38*k + 1514. Determine r(-13).
-1
Let z = 94 - 97. Let n be 24/6 + (19 + -1)/z. Let w(k) = -5*k**2 - 3*k. What is w(n)?
-14
Let h(b) be the first derivative of -b**3 + 43*b**2/2 - 26*b - 137. Let r be h(14). Let w(o) = o + 18. Calculate w(r).
6
Let r(o) be the first derivative of -o**4/4 + 10*o**3/3 - 5*o**2/2 - 3*o + 599. What is r(9)?
33
Let u(j) = j**3 - 11*j**2 + j - 4. Let s be u(11). Let r be (0 + -3)/(s/(-14) + -1). Let y(l) = -2*l**3 + 2*l. Give y(r).
-12
Let m be (-3 + 2)/((-2)/14). Let v = -4090 - -4093. Suppose -s + v*l = -2*s + m, -4*l = -s + 7. Let g(x) = -x**2 + 7*x + 8. Determine g(s).
8
Let l(a) = 2 + 0 - 5 - 2*a. Let g(y) = 2139*y + 8552. Let s be g(-4). Determine l(s).
5
Let z(o) = -6*o**3 + 6*o**2 + 5*o - 6. Let j(i) = 5*i**3 - 5*i**2 - 4*i + 5. Let b(k) = 5*j(k) + 4*z(k). Give b(1).
1
Let c(v) = v**2 - 7*v - 23. Let m(z) = -2*z**2 + 13*z + 44. Let w(a) = 11*c(a) + 6*m(a). What is w(4)?
-1
Let b = 3583 + -3587. Let d(g) = g**2 + 3*g + 1. Determine d(b).
5
Let s = 33696 - 33696. Let w(x) = x**2 - 2*x + 51. Determine w(s).
51
Let j(f) = 2*f - 4. Suppose -2*w = 4*h - 110, -2*w + 156 = w - 3*h. Let s = w + -49. Suppose 15 = 5*g, 4*l + s*g - 17 = 19. Give j(l).
8
Let j(h) = -4*h**3 - 7*h**2 + 23*h. Let r be j(-7). Let g(t) = r*t - 434*t + t**2 - 4 - 429*t. What is g(-5)?
-4
Let n(s) = -s**3 - 3*s**2 + 6*s + 7. Suppose 6*l - 3*l + 3*y = 9, 5 = l - y. Let w(q) = -q**3 - 2*q**2 + 5*q + 6. Let a(j) = l*n(j) - 3*w(j). Determine a(-7).
-4
Let g = 423 - 300. Let k = g - 97. Suppose r = 4*d - 13, -k = -2*r + 3*d - 8*d. Let f(h) = -h**2. Determine f(r).
-9
Let f(s) = -3*s**3 + 7*s**2 + 7*s - 3. Let a(v) = v**3 + 1. Let o = -266 + 270. Let w(z) = o*a(z) + f(z). What is w(-6)?
-5
Let h(g) = -760*g + 5322. Let u be h(7). Let d(w) be the first derivative of -w**4/4 - 2*w**3/3 + 2*w**2 - 3*w + 3. What is d(u)?
-11
Let j(b) = -12*b**2 + 1083*b - 278. Let a be j(90). Let r(c) = -c**3 - 11*c**2 - 13*c - 2. Calculate r(a).
-90
Let z(a) be the second derivative of a**6/360 - a**5/15 + 116*a**3/3 + 224*a. Let k(v) be the second derivative of z(v). Give k(7).
-7
Let p(m) = -m**2 + 13*m - 35. Let w = 14343 - 14325. Determine p(w).
-125
Let j(g) = g**2 + 24*g + 40. Suppose 1957 = 1387*z - 1490*z. Determine j(z).
-55
Let m(t) = -t**2 + 12*t - 32. Let q = -263 - -95. Let v be q/(-16) - 3/2. Give m(v).
-5
Let k be 5*3/(-60)*-12. Let x(i) = 798*i**2 - 799*i**2 - 1 + k - 4*i. What is x(-4)?
2
Let h(q) = q**3 + q**2 + q + 8. Suppose 75*w - 71*w = 52. Suppose f + 18 - w = 0, 5*p + 25 = -5*f. Give h(p).
8
Let q(o) = 2*o**2 - 2*o. Let s(d) = d**3 + 20*d**2 - 21*d + 5. Let m(x) = 2*q(x) - s(x). Calculate m(-17).
-5
Suppose 10 = -2*k + x, 258*x + 48 = -3*k + 254*x. Let d(r) = 0*r**2 + 5 + 13*r + r**2 - 5*r. What is d(k)?
5
Let j = 1135 - 2269/2. Let c(q) be the first derivative of -1/4*q**4 - 10 - j*q**2 + 5/3*q**3 - q. Calculate c(4).
11
Let p(k) = -k**3 + 12*k**2 - 10*k - 12. Let m(y) = 5*y**2 - 182*y - y**2 - 9 + 193*y. Let j be m(-4). What is p(j)?
-1
Let u = -15977 + 15985. Let z(y) = -y**3 + 8*y**2 + 5*y. Give z(u).
40
Let g(b) = 3*b**3 + 8*b**2 + 19*b + 8. Let c(q) = 0*q**3 - 23*q - 7*q**2 - q**2 + q**3 - 7 - 2*q**3 - 3*q**3. Let w(j) = 2*c(j) + 3*g(j). Determine w(-7).
-18
Let h be 855/12 - ((-15)/4 - -4). Suppose 4*f + h = -113. Let d be f + 44 + (-1)/(-1) + 0. Let b(w) = -14*w**2 - 2*w - 1. Calculate b(d).
-13
Let a(u) = -46*u - 3. Let y(c) = -37*c - 1. Let w(d) = -4*a(d) + 5*y(d). Determine w(7).
0
Suppose -21*c - 594 = -153. Let m(t) = t**3 + 20*t**2 - 21*t - 2. What is m(c)?
-2
Let s be 8 + -1*(2 + -1). Let c(f) = -2*f - 12. Let t(d) = -d - 5. Let y(v) = -8*c(v) + 18*t(v). Give y(s).
-8
Let c(w) be the second derivative of w**4/12 + w**3 - 3*w**2/2 - w. Let i(r) = 16*r**3 + r**2 - 5*r + 2. Let q be i(1). Let h be (-6)/36 + 5*q/(-12). Give c(h).
-3
Let n(w)